8 divide 1145704?
True
Is 214526 a multiple of 15?
False
Is 12237 a multiple of 29?
False
Does 4 divide 960436?
True
Does 53 divide 1431?
True
Is 268253 a multiple of 14?
False
Is 5 a factor of 130176?
False
Is 19 a factor of 517161?
True
Is 5 a factor of 571623?
False
Is 6 a factor of 10264076?
False
Does 505 divide 1563362?
False
Does 247 divide 192413?
True
Is 53 a factor of 9422?
False
Is 3941048 a multiple of 214?
False
Is 20 a factor of 10488700?
True
Does 15 divide 44085?
True
Does 36 divide 434484?
True
Is 799 a factor of 3965437?
True
Is 1439 a factor of 4696360?
False
Is 40581 a multiple of 9?
True
Is 138780 a multiple of 36?
True
Does 211 divide 346673?
True
Does 41 divide 426792?
False
Is 282 a factor of 725304?
True
Is 715258 a multiple of 193?
True
Is 29 a factor of 3034328?
True
Does 34 divide 1503543?
False
Does 49 divide 3353805?
True
Does 57 divide 53323?
False
Is 17 a factor of 1063437?
False
Does 127 divide 11938?
True
Is 378675 a multiple of 135?
True
Is 151 a factor of 15445326?
False
Is 9 a factor of 157671?
True
Is 4376010 a multiple of 199?
True
Does 175 divide 2329090?
False
Is 256 a factor of 352768?
True
Is 268516 a multiple of 20?
False
Is 22 a factor of 6160?
True
Is 67032 a multiple of 84?
True
Is 190754 a multiple of 254?
True
Is 10973093 a multiple of 131?
False
Is 4724776 a multiple of 1202?
False
Is 49 a factor of 1486611?
True
Is 105 a factor of 117285?
True
Is 9 a factor of 64597?
False
Does 1040 divide 2892240?
True
Is 125 a factor of 8250?
True
Is 1004480 a multiple of 86?
True
Does 267 divide 31609632?
False
Is 2328102 a multiple of 9?
True
Is 232 a factor of 392211?
False
Does 222 divide 211282?
False
Is 102 a factor of 421775?
False
Is 3460 a multiple of 46?
False
Is 14 a factor of 2681289?
False
Does 9 divide 1824003?
True
Is 1205826 a multiple of 193?
False
Does 22 divide 2524746?
False
Is 1768712 a multiple of 1111?
True
Does 696 divide 140053?
False
Is 54029 a multiple of 5?
False
Is 351 a factor of 2124603?
True
Is 296 a factor of 1105864?
False
Is 21 a factor of 76025?
False
Is 19 a factor of 12114032?
False
Is 10870467 a multiple of 767?
False
Does 46 divide 2468062?
False
Is 53 a factor of 1283607?
True
Is 89 a factor of 1566845?
True
Is 18 a factor of 137268?
True
Is 11190690 a multiple of 1085?
True
Does 11 divide 758564?
False
Is 20 a factor of 1750550?
False
Is 25967 a multiple of 33?
False
Is 3082275 a multiple of 35?
True
Is 244963 a multiple of 9?
False
Is 5 a factor of 2172615?
True
Is 2 a factor of 1513662?
True
Is 74 a factor of 274867?
False
Is 10218211 a multiple of 418?
False
Is 51 a factor of 1120674?
True
Does 83 divide 1302360?
False
Is 8988198 a multiple of 37?
False
Is 9127224 a multiple of 981?
True
Is 347105 a multiple of 14?
False
Does 455 divide 1591980?
False
Is 402168 a multiple of 39?
True
Is 52 a factor of 23140?
True
Does 6 divide 6245532?
True
Does 90 divide 534510?
True
Does 85 divide 1811605?
True
Is 215576 a multiple of 6?
False
Is 379694 a multiple of 36?
False
Does 13 divide 84017?
False
Is 464 a factor of 434768?
True
Is 41 a factor of 353256?
True
Is 52 a factor of 97205?
False
Is 770452 a multiple of 11?
False
Does 165 divide 608850?
True
Is 5 a factor of 984?
False
Is 1476888 a multiple of 298?
True
Is 80673 a multiple of 4?
False
Is 29 a factor of 95614?
False
Is 82 a factor of 32882?
True
Is 297225 a multiple of 4?
False
Is 112325 a multiple of 25?
True
Is 377813 a multiple of 67?
True
Does 16 divide 43779?
False
Does 10 divide 217280?
True
Does 14 divide 4231682?
True
Is 588315 a multiple of 239?
False
Is 98855 a multiple of 133?
False
Is 36 a factor of 4326117?
False
Is 2517929 a multiple of 17?
False
Is 304304 a multiple of 143?
True
Is 677707 a multiple of 44?
False
Does 49 divide 25774?
True
Does 145 divide 230405?
True
Is 164210 a multiple of 74?
False
Does 22 divide 83072?
True
Is 125 a factor of 90077?
False
Is 16 a factor of 7680?
True
Does 41 divide 49982?
False
Is 71 a factor of 198587?
True
Is 210785 a multiple of 5?
True
Is 17133811 a multiple of 58?
False
Does 273 divide 1974609?
True
Does 143 divide 567713?
False
Is 541131 a multiple of 47?
False
Is 20 a factor of 297020?
True
Is 41 a factor of 169064?
False
Is 18 a factor of 188672?
False
Is 121 a factor of 783368?
False
Does 54 divide 6560846?
False
Does 114 divide 2467074?
True
Is 36 a factor of 3037032?
True
Does 437 divide 1799566?
True
Does 8 divide 156139?
False
Is 38 a factor of 1426?
False
Is 3029159 a multiple of 40?
False
Is 1823775 a multiple of 787?
False
Does 145 divide 3541404?
False
Is 34459 a multiple of 198?
False
Is 6979010 a multiple of 34?
True
Is 12 a factor of 135498?
False
Is 13082507 a multiple of 19?
True
Is 126 a factor of 1884960?
True
Does 5 divide 19640?
True
Is 2 a factor of 47880?
True
Is 753675 a multiple of 5?
True
Is 14 a factor of 3068142?
True
Is 46 a factor of 324254?
True
Is 567 a factor of 29823633?
True
Is 8231 a multiple of 2?
False
Is 20 a factor of 3411540?
True
Does 11 divide 307900?
False
Is 49 a factor of 4248300?
True
Is 4 a factor of 81640?
True
Is 107 a factor of 116492?
False
Does 34 divide 247589?
False
Is 10317 a multiple of 181?
True
Is 41 a factor of 12073932?
False
Does 196 divide 330456?
True
Does 13 divide 8221187?
True
Does 1306 divide 28700896?
False
Does 1086 divide 16709196?
True
Is 11 a factor of 64664?
False
Does 166 divide 3173291?
False
Is 704695 a multiple of 2?
False
Is 509962 a multiple of 23?
False
Is 331383 a multiple of 39?
True
Is 514254 a multiple of 5?
False
Does 128 divide 2474240?
True
Is 11 a factor of 663982?
True
Is 2310618 a multiple of 534?
True
Is 9 a factor of 137250?
True
Does 89 divide 90869?
True
Is 54 a factor of 20898?
True
Does 85 divide 845750?
True
Is 66 a factor of 34004?
False
Does 125 divide 13842875?
True
Is 374037 a multiple of 18?
False
Is 176544 a multiple of 72?
True
Is 75613 a multiple of 83?
True
Does 4 divide 1776910?
False
Is 2380132 a multiple of 92?
True
Does 22 divide 8809087?
False
Is 880716 a multiple of 377?
False
Does 34 divide 4043779?
False
Is 200500 a multiple of 36?
False
Is 27331 a multiple of 2?
False
Is 48 a factor of 32232?
False
Is 56 a factor of 2628192?
True
Is 2205665 a multiple of 2?
False
Does 878 divide 4755248?
True
Is 977856 a multiple of 704?
True
Is 166 a factor of 5525144?
True
Does 388 divide 127758?
False
Is 405 a factor of 589680?
True
Is 799 a factor of 2790378?
False
Is 6571938 a multiple of 62?
True
Is 58685 a multiple of 98?
False
Is 967554 a multiple of 882?
True
Is 27 a factor of 8625642?
False
Is 1599 a factor of 22118754?
False
Is 118 a factor of 425340?
False
Is 15 a factor of 22807?
False
Is 13 a factor of 11685454?
False
Is 84792 a multiple of 105?
False
Is 46 a factor of 586592?
True
Is 125 a factor of 2148633?
False
Is 12737889 a multiple of 913?
False
Is 137 a factor of 1160390?
True
Does 41 divide 55990?
False
Is 2822832 a multiple of 223?
False
Is 136881 a multiple of 4?
False
Does 170 divide 6832470?
True
Does 106 divide 10836592?
True
Is 262070 a multiple of 171?
False
Is 10660480 a multiple of 396?
False
Does 17 divide 1147260?
False
Is 21 a factor of 2809800?
True
Is 286671 a multiple of 17?
True
Is 7568927 a multiple of 90?
False
Is 246356 a multiple of 44?
True
Is 21 a factor of 2997383?
False
Is 80607 a multiple of 4?
False
Is 6718 a multiple of 3?
False
Does 86 divide 4612524?
True
Does 645 divide 22635630?
True
Is 604907 a multiple of 44?
False
Does 11 divide 1733611?
True
Does 102 divide 2123130?
True
Is 1750816 a multiple of 8?
True
Is 11 a factor of 317331?
False
Does 69 divide 1426421?
False
Is 197011 a multiple of 714?
False
Is 184744 a multiple of 8?
True
Is 112 a factor of 7816627?
False
Is 27 a factor of 77364?
False
Is 12 a factor of 315711?
False
Is 114 a factor of 1222387?
False
Is 66 a factor of 57757?
False
Does 2 divide 6975?
False
Is 32 a factor of 27944384?
True
Does 50 divide 58700?
True
Does 10 divide 6657?
False
Does 24 divide 1288272?
True
Is 5 a factor of 64984?
False
Does 446 divide 3450820?
False
Is 9568520 a multiple of 901?
False
Is 268915 a multiple of 45?
False
Is 53405 a multiple of 11?
True
Is 35 a factor of 1471487?
False
Does 98 divide 97706?
True
Is 266638 a multiple of 16?
False
Is 6018 a multiple 